{"id":178,"date":"2025-02-04T10:15:06","date_gmt":"2025-02-04T10:15:06","guid":{"rendered":"https:\/\/association-labrique.fr\/?page_id=178"},"modified":"2025-03-21T12:12:52","modified_gmt":"2025-03-21T11:12:52","slug":"les_soup_popu","status":"publish","type":"page","link":"https:\/\/assolabrique.com\/?page_id=178","title":{"rendered":"LES SOUP\u2019 POPU"},"content":{"rendered":"\n<figure class=\"wp-block-image aligncenter size-full is-resized\"><img loading=\"lazy\" decoding=\"async\" width=\"1931\" height=\"3151\" src=\"https:\/\/assolabrique.com\/wp-content\/uploads\/2025\/02\/Brique-Chef.png\" alt=\"\" class=\"wp-image-180\" style=\"width:183px;height:auto\"\/><\/figure>\n\n\n\n<div class=\"wp-block-group alignfull has-base-2-background-color has-background has-global-padding is-layout-constrained wp-container-core-group-is-layout-d89aad35 wp-block-group-is-layout-constrained\" style=\"margin-top:0;margin-bottom:0;padding-top:var(--wp--preset--spacing--50);padding-right:var(--wp--preset--spacing--50);padding-bottom:var(--wp--preset--spacing--50);padding-left:var(--wp--preset--spacing--50)\">\n<div class=\"wp-block-columns alignwide is-layout-flex wp-container-core-columns-is-layout-549b0c86 wp-block-columns-is-layout-flex\">\n<div class=\"wp-block-column is-layout-flow wp-block-column-is-layout-flow\" style=\"flex-basis:66.66%\">\n<p><mark style=\"background-color:rgba(0, 0, 0, 0)\" class=\"has-inline-color has-accent-3-color\">Des soupes populaires<\/mark><strong><mark style=\"background-color:rgba(0, 0, 0, 0);color:#e24c4a\" class=\"has-inline-color\"> <\/mark><\/strong>sont organis\u00e9es depuis longtemps par la Brique mais elles ont \u00e9t\u00e9 d\u00e9velopp\u00e9es depuis peu, gr\u00e2ce aux partenariats avec le SAJ d\u2019Arras (Service d&rsquo;Accueil de Jour) de l\u2019EPDEF (Etablissement Public D\u00e9partemental de l\u2019Enfance et de la Famille), l\u2019ASA, France Terre d\u2019Asile et la Ferme biologique des Mouchons.<\/p>\n\n\n\n<p><mark style=\"background-color:rgba(0, 0, 0, 0)\" class=\"has-inline-color has-accent-3-color\">La particularit\u00e9 est de faire pr\u00e9parer des soupes par des jeunes en difficult\u00e9, des sans domicile fixe et des migrants<\/mark>, afin qu\u2019ils puissent les distribuer lors d&rsquo;un \u00e9v\u00e8nement tel que la f\u00eate de la Place du Th\u00e9\u00e2tre. De quoi profiter de ce moment pour les mettre en avant ensemble, apporter de l\u2019information et sensibiliser les arrageois.<\/p>\n\n\n\n<p>D\u2019autres \u00ab&nbsp;soupe party&nbsp;\u00bb et activit\u00e9s communes seront organis\u00e9es prochainement, afin de faire se rencontrer ces publics et les faire connaitre.<\/p>\n<\/div>\n\n\n\n<div class=\"wp-block-column is-layout-flow wp-block-column-is-layout-flow\" style=\"flex-basis:33.33%\">\n<figure class=\"wp-block-image aligncenter size-full is-resized is-style-rounded is-style-rounded--1\"><img loading=\"lazy\" decoding=\"async\" width=\"1332\" height=\"1536\" src=\"https:\/\/assolabrique.com\/wp-content\/uploads\/2025\/03\/Distrib-Soupe.jpg\" alt=\"\" class=\"wp-image-612\" style=\"aspect-ratio:0.5625;object-fit:cover;width:283px;height:auto\"\/><figcaption class=\"wp-element-caption\">Distribution de la soupe<\/figcaption><\/figure>\n<\/div>\n<\/div>\n<\/div>\n\n\n\n<div class=\"wp-block-cover alignfull is-light has-parallax\" style=\"padding-top:var(--wp--preset--spacing--50);padding-right:var(--wp--preset--spacing--50);padding-bottom:var(--wp--preset--spacing--50);padding-left:var(--wp--preset--spacing--50);min-height:100vh;aspect-ratio:unset;\"><span aria-hidden=\"true\" class=\"wp-block-cover__background has-base-background-color has-background-dim-0 has-background-dim\"><\/span><div class=\"wp-block-cover__image-background wp-image-478 has-parallax\" style=\"background-position:50% 50%;background-image:url(https:\/\/assolabrique.com\/wp-content\/uploads\/2025\/02\/2-2.jpg)\"><\/div><div class=\"wp-block-cover__inner-container has-global-padding is-layout-constrained wp-container-core-cover-is-layout-e4fd886c wp-block-cover-is-layout-constrained\">\n<p class=\"has-text-align-center has-heading-font-family has-x-large-font-size\" style=\"font-style:normal;font-weight:400;line-height:1.2\"><em><strong><mark style=\"background-color:rgba(0, 0, 0, 0)\" class=\"has-inline-color has-contrast-color\">D\u00e9couvrir l\u2019autre, connaitre ses diff\u00e9rences et apprendre avec lui. Quel beau chalenge<\/mark><\/strong><\/em> !<\/p>\n<\/div><\/div>\n","protected":false},"excerpt":{"rendered":"<p>Des soupes populaires sont organis\u00e9es depuis longtemps par la Brique mais elles ont \u00e9t\u00e9 d\u00e9velopp\u00e9es depuis peu, gr\u00e2ce aux partenariats avec le SAJ d\u2019Arras (Service d&rsquo;Accueil de Jour) de l\u2019EPDEF (Etablissement Public D\u00e9partemental de l\u2019Enfance et de la Famille), l\u2019ASA, France Terre d\u2019Asile et la Ferme biologique des Mouchons. La particularit\u00e9 est de faire pr\u00e9parer [&hellip;]<\/p>\n","protected":false},"author":2,"featured_media":0,"parent":0,"menu_order":0,"comment_status":"closed","ping_status":"closed","template":"","meta":{"footnotes":""},"class_list":["post-178","page","type-page","status-publish","hentry"],"_links":{"self":[{"href":"https:\/\/assolabrique.com\/index.php?rest_route=\/wp\/v2\/pages\/178","targetHints":{"allow":["GET"]}}],"collection":[{"href":"https:\/\/assolabrique.com\/index.php?rest_route=\/wp\/v2\/pages"}],"about":[{"href":"https:\/\/assolabrique.com\/index.php?rest_route=\/wp\/v2\/types\/page"}],"author":[{"embeddable":true,"href":"https:\/\/assolabrique.com\/index.php?rest_route=\/wp\/v2\/users\/2"}],"replies":[{"embeddable":true,"href":"https:\/\/assolabrique.com\/index.php?rest_route=%2Fwp%2Fv2%2Fcomments&post=178"}],"version-history":[{"count":14,"href":"https:\/\/assolabrique.com\/index.php?rest_route=\/wp\/v2\/pages\/178\/revisions"}],"predecessor-version":[{"id":789,"href":"https:\/\/assolabrique.com\/index.php?rest_route=\/wp\/v2\/pages\/178\/revisions\/789"}],"wp:attachment":[{"href":"https:\/\/assolabrique.com\/index.php?rest_route=%2Fwp%2Fv2%2Fmedia&parent=178"}],"curies":[{"name":"wp","href":"https:\/\/api.w.org\/{rel}","templated":true}]}}