{"id":220,"date":"2025-02-04T11:00:25","date_gmt":"2025-02-04T11:00:25","guid":{"rendered":"https:\/\/association-labrique.fr\/?page_id=220"},"modified":"2025-03-21T16:45:44","modified_gmt":"2025-03-21T15:45:44","slug":"et_des_moments_conviviaux","status":"publish","type":"page","link":"https:\/\/assolabrique.com\/?page_id=220","title":{"rendered":"\u2026 et DES MOMENTS CONVIVIAUX"},"content":{"rendered":"\n<figure class=\"wp-block-image aligncenter size-full is-resized\"><img loading=\"lazy\" decoding=\"async\" width=\"1218\" height=\"2058\" src=\"https:\/\/assolabrique.com\/wp-content\/uploads\/2025\/02\/x.png\" alt=\"\" class=\"wp-image-417\" style=\"width:186px;height:auto\"\/><\/figure>\n\n\n\n<div class=\"wp-block-group alignfull has-base-2-background-color has-background has-global-padding is-layout-constrained wp-container-core-group-is-layout-d89aad35 wp-block-group-is-layout-constrained\" style=\"margin-top:0;margin-bottom:0;padding-top:var(--wp--preset--spacing--50);padding-right:var(--wp--preset--spacing--50);padding-bottom:var(--wp--preset--spacing--50);padding-left:var(--wp--preset--spacing--50)\">\n<div class=\"wp-block-columns alignwide is-layout-flex wp-container-core-columns-is-layout-549b0c86 wp-block-columns-is-layout-flex\">\n<div class=\"wp-block-column is-layout-flow wp-block-column-is-layout-flow\" style=\"flex-basis:66.66%\">\n<p><mark style=\"background-color:rgba(0, 0, 0, 0)\" class=\"has-inline-color has-accent-3-color\">La Brique est pr\u00e9sente sur son stand, lors de manifestations&nbsp;:<\/mark><\/p>\n\n\n\n<ul class=\"wp-block-list\">\n<li><mark style=\"background-color:rgba(0, 0, 0, 0)\" class=\"has-inline-color has-accent-3-color\">le Salon-du-Livre, le Village des Associations, le march\u00e9 de No\u00ebl<\/mark>, etc. C\u2019est une occasion de se faire connaitre et de rencontrer nos partenaires.<br><\/li>\n\n\n\n<li><mark style=\"background-color:rgba(0, 0, 0, 0)\" class=\"has-inline-color has-accent-3-color\">La F\u00eate de la Place du th\u00e9\u00e2tre<\/mark><strong> <\/strong>est un moment festif annuel important. La Brique y est toujours pr\u00e9sente et s\u2019y implique fortement avec ses stands&nbsp;: atelier dessins et mots doux, soupe populaire, \u00ab&nbsp;un bijou contre un don&nbsp;\u00bb et jeux divers.<\/li>\n<\/ul>\n\n\n\n<ul class=\"wp-block-list\">\n<li><mark style=\"background-color:rgba(0, 0, 0, 0)\" class=\"has-inline-color has-accent-3-color\">Pharos :<\/mark> Nous avons la possibilit\u00e9 d\u2019y emmener des sans domicile fixe, afin de leur faire d\u00e9couvrir ce qu\u2019est le th\u00e9\u00e2tre d\u2019improvisation, dans le cadre du Festival de la sc\u00e8ne \u00e9mergente.<\/li>\n<\/ul>\n\n\n\n<ul class=\"wp-block-list\">\n<li><mark style=\"background-color:rgba(0, 0, 0, 0)\" class=\"has-inline-color has-accent-3-color\">No\u00ebl solidaire&nbsp;\u00bb de l\u2019EGASS \u00e0 l\u2019Universit\u00e9 <\/mark><mark style=\"background-color:rgba(0, 0, 0, 0)\" class=\"has-inline-color has-contrast-color\">(Economie, Gestion Administration et Sciences Sociales) :<\/mark><mark style=\"background-color:rgba(0, 0, 0, 0)\" class=\"has-inline-color has-accent-3-color\"> <\/mark>En fin d\u2019ann\u00e9e, nous y avons particip\u00e9 et gr\u00e2ce \u00e0 eux, nous avons obtenu des dons. Nous avons aussi \u00e9t\u00e9 pr\u00e9sents au chalet des associations, sur le March\u00e9 de No\u00ebl.<\/li>\n<\/ul>\n\n\n\n<figure class=\"wp-block-image aligncenter size-full\"><img loading=\"lazy\" decoding=\"async\" width=\"1778\" height=\"1166\" src=\"https:\/\/assolabrique.com\/wp-content\/uploads\/2025\/03\/Pl-Theatre.jpg\" alt=\"\" class=\"wp-image-662\"\/><figcaption class=\"wp-element-caption\">F\u00eate de la Place du Th\u00e9\u00e2tre<\/figcaption><\/figure>\n<\/div>\n\n\n\n<div class=\"wp-block-column is-layout-flow wp-block-column-is-layout-flow\" style=\"flex-basis:33.33%\">\n<figure class=\"wp-block-image aligncenter size-full\"><img loading=\"lazy\" decoding=\"async\" width=\"1416\" height=\"1092\" src=\"https:\/\/assolabrique.com\/wp-content\/uploads\/2025\/03\/Fete-livres.jpg\" alt=\"\" class=\"wp-image-660\"\/><figcaption class=\"wp-element-caption\">Le Salon du Livre<\/figcaption><\/figure>\n\n\n\n<figure class=\"wp-block-image aligncenter size-full\"><img loading=\"lazy\" decoding=\"async\" width=\"1536\" height=\"1047\" src=\"https:\/\/assolabrique.com\/wp-content\/uploads\/2025\/03\/Pharos.jpg\" alt=\"\" class=\"wp-image-661\"\/><figcaption class=\"wp-element-caption\">Le Pharos<\/figcaption><\/figure>\n\n\n\n<figure class=\"wp-block-image aligncenter size-full\"><img loading=\"lazy\" decoding=\"async\" width=\"2214\" height=\"2144\" src=\"https:\/\/assolabrique.com\/wp-content\/uploads\/2025\/03\/Univ.jpg\" alt=\"\" class=\"wp-image-663\"\/><figcaption class=\"wp-element-caption\">No\u00ebl de l&rsquo;EGASS<\/figcaption><\/figure>\n<\/div>\n<\/div>\n\n\n\n<p><\/p>\n<\/div>\n","protected":false},"excerpt":{"rendered":"<p>La Brique est pr\u00e9sente sur son stand, lors de manifestations&nbsp;:<\/p>\n","protected":false},"author":2,"featured_media":0,"parent":0,"menu_order":0,"comment_status":"closed","ping_status":"closed","template":"","meta":{"footnotes":""},"class_list":["post-220","page","type-page","status-publish","hentry"],"_links":{"self":[{"href":"https:\/\/assolabrique.com\/index.php?rest_route=\/wp\/v2\/pages\/220","targetHints":{"allow":["GET"]}}],"collection":[{"href":"https:\/\/assolabrique.com\/index.php?rest_route=\/wp\/v2\/pages"}],"about":[{"href":"https:\/\/assolabrique.com\/index.php?rest_route=\/wp\/v2\/types\/page"}],"author":[{"embeddable":true,"href":"https:\/\/assolabrique.com\/index.php?rest_route=\/wp\/v2\/users\/2"}],"replies":[{"embeddable":true,"href":"https:\/\/assolabrique.com\/index.php?rest_route=%2Fwp%2Fv2%2Fcomments&post=220"}],"version-history":[{"count":28,"href":"https:\/\/assolabrique.com\/index.php?rest_route=\/wp\/v2\/pages\/220\/revisions"}],"predecessor-version":[{"id":819,"href":"https:\/\/assolabrique.com\/index.php?rest_route=\/wp\/v2\/pages\/220\/revisions\/819"}],"wp:attachment":[{"href":"https:\/\/assolabrique.com\/index.php?rest_route=%2Fwp%2Fv2%2Fmedia&parent=220"}],"curies":[{"name":"wp","href":"https:\/\/api.w.org\/{rel}","templated":true}]}}