{"id":274,"date":"2025-02-04T12:26:17","date_gmt":"2025-02-04T12:26:17","guid":{"rendered":"https:\/\/association-labrique.fr\/?page_id=274"},"modified":"2026-02-07T10:16:30","modified_gmt":"2026-02-07T09:16:30","slug":"le_rat_solidaire","status":"publish","type":"page","link":"https:\/\/assolabrique.com\/?page_id=274","title":{"rendered":"LE PERCHOIR SOLIDAIRE"},"content":{"rendered":"\n<div class=\"wp-block-group alignfull has-base-2-background-color has-background has-global-padding is-layout-constrained wp-container-core-group-is-layout-d89aad35 wp-block-group-is-layout-constrained\" style=\"margin-top:0;margin-bottom:0;padding-top:var(--wp--preset--spacing--50);padding-right:var(--wp--preset--spacing--50);padding-bottom:var(--wp--preset--spacing--50);padding-left:var(--wp--preset--spacing--50)\">\n<div class=\"wp-block-columns alignwide is-layout-flex wp-container-core-columns-is-layout-549b0c86 wp-block-columns-is-layout-flex\">\n<div class=\"wp-block-column is-layout-flow wp-block-column-is-layout-flow\" style=\"flex-basis:66.66%\">\n<p><mark style=\"background-color:rgba(0, 0, 0, 0)\" class=\"has-inline-color has-accent-3-color\">Le si\u00e8ge social de <strong>la Brique <\/strong>se situe \u00e0 <strong>Down Up<\/strong><\/mark>, 17-21 Rue Paul Adam \u00e0 Arras, dans le tiers lieu intitul\u00e9 <strong><mark style=\"background-color:rgba(0, 0, 0, 0)\" class=\"has-inline-color has-accent-3-color\">\u00ab&nbsp;Le Perchoir&nbsp;\u00bb<\/mark><\/strong>. <\/p>\n\n\n\n<p>C\u2019est un lieu d\u2019accueil des personnes en situation de handicap, fond\u00e9 sur les valeurs de partage et de solidarit\u00e9. Les deux associations ont sign\u00e9 une convention pour unir leurs actions, afin de d\u00e9velopper un lien social entre les diff\u00e9rents publics dont ils s\u2019occupent.<\/p>\n\n\n\n<p><mark style=\"background-color:rgba(0, 0, 0, 0)\" class=\"has-inline-color has-accent-3-color\">Vous pouvez d\u00e9poser au Perchoir vos dons&nbsp;:<\/mark> des v\u00eatements propres (uniquement sportifs), des baskets, des couvertures et sacs de couchage, des sacs \u00e0 dos, de l\u2019hygi\u00e8ne dont lingettes et des bo\u00eetes de conserve.&nbsp; Ils nous seront transmis pour nos prochaines maraudes.<\/p>\n\n\n\n<p>Merci de votre g\u00e9n\u00e9rosit\u00e9 !<\/p>\n\n\n\n<div style=\"height:1px\" aria-hidden=\"true\" class=\"wp-block-spacer\"><\/div>\n\n\n\n<p><\/p>\n\n\n\n<div style=\"height:100px\" aria-hidden=\"true\" class=\"wp-block-spacer\"><\/div>\n\n\n\n<div style=\"height:100px\" aria-hidden=\"true\" class=\"wp-block-spacer\"><\/div>\n\n\n\n<div style=\"height:100px\" aria-hidden=\"true\" class=\"wp-block-spacer\"><\/div>\n\n\n\n<div style=\"height:35px\" aria-hidden=\"true\" class=\"wp-block-spacer\"><\/div>\n<\/div>\n\n\n\n<div class=\"wp-block-column is-layout-flow wp-block-column-is-layout-flow\"><\/div>\n\n\n\n<div class=\"wp-block-column is-layout-flow wp-block-column-is-layout-flow\" style=\"flex-basis:33.33%\">\n<figure class=\"wp-block-gallery has-nested-images columns-default is-cropped wp-block-gallery-1 is-layout-flex wp-block-gallery-is-layout-flex\">\n<figure class=\"wp-block-image size-full is-resized has-custom-border is-style-default\" style=\"margin-top:0;margin-right:0;margin-bottom:0;margin-left:0\"><img loading=\"lazy\" decoding=\"async\" width=\"1189\" height=\"761\" data-id=\"900\" src=\"https:\/\/assolabrique.com\/wp-content\/uploads\/2025\/12\/les-2-logos.jpg\" alt=\"\" class=\"wp-image-900\" style=\"border-style:none;border-width:0px;border-radius:0px;width:223px;height:auto\"\/><\/figure>\n<\/figure>\n\n\n\n<figure class=\"wp-block-image size-full\"><img loading=\"lazy\" decoding=\"async\" width=\"1600\" height=\"988\" src=\"https:\/\/assolabrique.com\/wp-content\/uploads\/2026\/02\/WhatsApp-Image-2026-02-06-at-18.59.30.jpeg\" alt=\"\" class=\"wp-image-963\"\/><\/figure>\n<\/div>\n<\/div>\n<\/div>\n","protected":false},"excerpt":{"rendered":"<p>Le si\u00e8ge social de la Brique se situe \u00e0 Down Up, 17-21 Rue Paul Adam \u00e0 Arras, dans le tiers lieu intitul\u00e9 \u00ab&nbsp;Le Perchoir&nbsp;\u00bb. C\u2019est un lieu d\u2019accueil des personnes en situation de handicap, fond\u00e9 sur les valeurs de partage et de solidarit\u00e9. Les deux associations ont sign\u00e9 une convention pour unir leurs actions, afin [&hellip;]<\/p>\n","protected":false},"author":2,"featured_media":0,"parent":0,"menu_order":0,"comment_status":"closed","ping_status":"closed","template":"","meta":{"footnotes":""},"class_list":["post-274","page","type-page","status-publish","hentry"],"_links":{"self":[{"href":"https:\/\/assolabrique.com\/index.php?rest_route=\/wp\/v2\/pages\/274","targetHints":{"allow":["GET"]}}],"collection":[{"href":"https:\/\/assolabrique.com\/index.php?rest_route=\/wp\/v2\/pages"}],"about":[{"href":"https:\/\/assolabrique.com\/index.php?rest_route=\/wp\/v2\/types\/page"}],"author":[{"embeddable":true,"href":"https:\/\/assolabrique.com\/index.php?rest_route=\/wp\/v2\/users\/2"}],"replies":[{"embeddable":true,"href":"https:\/\/assolabrique.com\/index.php?rest_route=%2Fwp%2Fv2%2Fcomments&post=274"}],"version-history":[{"count":39,"href":"https:\/\/assolabrique.com\/index.php?rest_route=\/wp\/v2\/pages\/274\/revisions"}],"predecessor-version":[{"id":964,"href":"https:\/\/assolabrique.com\/index.php?rest_route=\/wp\/v2\/pages\/274\/revisions\/964"}],"wp:attachment":[{"href":"https:\/\/assolabrique.com\/index.php?rest_route=%2Fwp%2Fv2%2Fmedia&parent=274"}],"curies":[{"name":"wp","href":"https:\/\/api.w.org\/{rel}","templated":true}]}}