{"id":480,"date":"2025-02-05T08:21:07","date_gmt":"2025-02-05T08:21:07","guid":{"rendered":"https:\/\/association-labrique.fr\/?page_id=480"},"modified":"2026-02-11T21:03:19","modified_gmt":"2026-02-11T20:03:19","slug":"mentions_legales","status":"publish","type":"page","link":"https:\/\/assolabrique.com\/?page_id=480","title":{"rendered":"MENTIONS L\u00c9GALES"},"content":{"rendered":"\n<div class=\"wp-block-group alignfull has-base-2-background-color has-background has-global-padding is-layout-constrained wp-container-core-group-is-layout-d89aad35 wp-block-group-is-layout-constrained\" style=\"margin-top:0;margin-bottom:0;padding-top:var(--wp--preset--spacing--50);padding-right:var(--wp--preset--spacing--50);padding-bottom:var(--wp--preset--spacing--50);padding-left:var(--wp--preset--spacing--50)\">\n<div class=\"wp-block-columns alignwide is-layout-flex wp-container-core-columns-is-layout-549b0c86 wp-block-columns-is-layout-flex\">\n<div class=\"wp-block-column is-layout-flow wp-block-column-is-layout-flow\" style=\"flex-basis:66.66%\">\n<p class=\"has-arial-font-family\">Derni\u00e8re mise \u00e0 jour : 11 F\u00e9vrier 2026<br><\/p>\n\n\n\n<p><code><strong>1. \u00c9diteur du site<\/strong> <\/code><\/p>\n\n\n\n<p>Ce site est \u00e9dit\u00e9 par : Association La Brique <\/p>\n\n\n\n<p>Forme juridique : Association <\/p>\n\n\n\n<p>Si\u00e8ge social : 17\/21, Rue Paul Adam 62000 ARRAS SIREN : 819 700 584<\/p>\n\n\n\n<p>Responsable de la publication : Association La Brique <\/p>\n\n\n\n<p>Email de contact : <a href=\"mailto:labrique.arras@gmail.com\">labrique.arras@gmail.com<\/a><br><\/p>\n\n\n\n<p><code><strong>2. H\u00e9bergement<\/strong> <\/code><\/p>\n\n\n\n<p>Ce site est h\u00e9berg\u00e9 par : PULSEHEBERG 9, Blvd de Strasbourg 83000 TOULON<br><\/p>\n\n\n\n<p><code><strong>3. Propri\u00e9t\u00e9 intellectuelle<\/strong> <\/code><\/p>\n\n\n\n<p>L&rsquo;ensemble des contenus pr\u00e9sents sur le site (textes, images, graphismes, logos, vid\u00e9os, architecture, ic\u00f4nes et sons) sont la propri\u00e9t\u00e9 exclusive de l&rsquo;Association La Brique, ou font l&rsquo;objet d&rsquo;autorisations sp\u00e9cifiques. <br>Toute reproduction, repr\u00e9sentation, modification, publication ou adaptation de tout ou partie des \u00e9l\u00e9ments du site est interdite sans autorisation \u00e9crite pr\u00e9alable.<br><\/p>\n\n\n\n<p><code><strong>4. Responsabilit\u00e9 <\/strong><\/code><\/p>\n\n\n\n<p>Les informations pr\u00e9sentes sur le site sont fournies \u00e0 titre indicatif. L&rsquo;Association La Brique ne saurait \u00eatre tenue responsable des dommages directs et indirects caus\u00e9s au mat\u00e9riel de l&rsquo;utilisateur lors de l&rsquo;acc\u00e8s au site, ou des dommages li\u00e9s \u00e0 l&rsquo;utilisation du site ou \u00e0 des erreurs de contenu.<br><\/p>\n\n\n\n<p><code><strong>5. Donn\u00e9es personnelles <\/strong><\/code><\/p>\n\n\n\n<p>Ce site ne collecte aucune donn\u00e9e personnelle. Aucun formulaire, syst\u00e8me d&rsquo;inscription ou espace membre n&rsquo;est propos\u00e9.<br><\/p>\n\n\n\n<p><code><strong>6. Cookies <\/strong><\/code><\/p>\n\n\n\n<p>Ce site n&rsquo;utilise aucun cookie, y compris aucun cookie publicitaire, marketing ou de suivi personnel.<br><\/p>\n\n\n\n<p class=\"has-arial-font-family\"><strong><code>7. Droit applicable <\/code><\/strong><\/p>\n\n\n\n<p class=\"has-arial-font-family\">Tout litige en relation avec l&rsquo;utilisation du site est soumis au droit fran\u00e7ais. Il est fait attribution exclusive de juridiction aux tribunaux comp\u00e9tents d&rsquo;Arras.<\/p>\n\n\n\n<p><strong><br><strong><code>6 - Droit applicable et attribution de juridiction.<\/code><\/strong><\/strong><\/p>\n\n\n\n<p>Tout litige en relation avec l\u2019utilisation du site<strong>&nbsp;<strong><a href=\"https:\/\/assolabrique.com\/\" target=\"_blank\" rel=\"noreferrer noopener\">https:\/\/assolabrique.com<\/a><\/strong>&nbsp;<\/strong>est soumis au droit fran\u00e7ais. En dehors des cas o\u00f9 la loi ne le permet pas, il est fait attribution exclusive de juridiction aux tribunaux comp\u00e9tents de Arras.<\/p>\n<\/div>\n<\/div>\n<\/div>\n","protected":false},"excerpt":{"rendered":"<p>Derni\u00e8re mise \u00e0 jour : 11 F\u00e9vrier 2026 1. \u00c9diteur du site Ce site est \u00e9dit\u00e9 par : Association La Brique Forme juridique : Association Si\u00e8ge social : 17\/21, Rue Paul Adam 62000 ARRAS SIREN : 819 700 584 Responsable de la publication : Association La Brique Email de contact : labrique.arras@gmail.com 2. H\u00e9bergement Ce [&hellip;]<\/p>\n","protected":false},"author":2,"featured_media":0,"parent":0,"menu_order":0,"comment_status":"closed","ping_status":"closed","template":"","meta":{"footnotes":""},"class_list":["post-480","page","type-page","status-publish","hentry"],"_links":{"self":[{"href":"https:\/\/assolabrique.com\/index.php?rest_route=\/wp\/v2\/pages\/480","targetHints":{"allow":["GET"]}}],"collection":[{"href":"https:\/\/assolabrique.com\/index.php?rest_route=\/wp\/v2\/pages"}],"about":[{"href":"https:\/\/assolabrique.com\/index.php?rest_route=\/wp\/v2\/types\/page"}],"author":[{"embeddable":true,"href":"https:\/\/assolabrique.com\/index.php?rest_route=\/wp\/v2\/users\/2"}],"replies":[{"embeddable":true,"href":"https:\/\/assolabrique.com\/index.php?rest_route=%2Fwp%2Fv2%2Fcomments&post=480"}],"version-history":[{"count":10,"href":"https:\/\/assolabrique.com\/index.php?rest_route=\/wp\/v2\/pages\/480\/revisions"}],"predecessor-version":[{"id":968,"href":"https:\/\/assolabrique.com\/index.php?rest_route=\/wp\/v2\/pages\/480\/revisions\/968"}],"wp:attachment":[{"href":"https:\/\/assolabrique.com\/index.php?rest_route=%2Fwp%2Fv2%2Fmedia&parent=480"}],"curies":[{"name":"wp","href":"https:\/\/api.w.org\/{rel}","templated":true}]}}